{"id":172,"date":"2021-11-30T20:45:36","date_gmt":"2021-11-30T19:45:36","guid":{"rendered":"http:\/\/plansa.pl\/?page_id=172"},"modified":"2021-11-30T20:45:36","modified_gmt":"2021-11-30T19:45:36","slug":"contact","status":"publish","type":"page","link":"http:\/\/plansa.pl\/?page_id=172","title":{"rendered":"CONTACT"},"content":{"rendered":"\n<p class=\"has-text-align-center\">OFFICE:<\/p>\n\n\n\n<p class=\"has-text-align-center\">PLAN SP\u00d3\u0141KA AKCYJNA<br>UL. PU\u0141AWSKA 479<br>02-844 WARSZAWA<br>biuro@plansa.pl<\/p>\n\n\n\n<center><iframe src=\"https:\/\/www.google.com\/maps\/embed?pb=!1m14!1m8!1m3!1d2449.040625176135!2d21.0163571!3d52.1335825!3m2!1i1024!2i768!4f13.1!3m3!1m2!1s0x471932702b3dcd8f%3A0xaadcd06ef3b8a988!2sPu%C5%82awska%20479%2C%2002-837%20Warszawa!5e0!3m2!1spl!2spl!4v1638214130023!5m2!1spl!2spl\" width=\"600\" height=\"450\" style=\"border:0;\" allowfullscreen=\"\" loading=\"lazy\"><\/iframe><\/center>\n\n\n\n<p class=\"has-text-align-center\"> NIP 525-244-44-08<br>REGON: 141672776<br>KRS: 0000322657 <\/p>\n","protected":false},"excerpt":{"rendered":"<p>OFFICE: PLAN SP\u00d3\u0141KA AKCYJNAUL. PU\u0141AWSKA 47902-844 WARSZAWAbiuro@plansa.pl NIP 525-244-44-08REGON: 141672776KRS: 0000322657<\/p>\n","protected":false},"author":1,"featured_media":0,"parent":0,"menu_order":0,"comment_status":"closed","ping_status":"closed","template":"","meta":[],"yoast_head":"<!-- This site is optimized with the Yoast SEO plugin v17.6 - https:\/\/yoast.com\/wordpress\/plugins\/seo\/ -->\n<title>CONTACT - PLAN SP\u00d3\u0141KA AKCYJNA<\/title>\n<meta name=\"robots\" content=\"index, follow, max-snippet:-1, max-image-preview:large, max-video-preview:-1\" \/>\n<link rel=\"canonical\" href=\"http:\/\/plansa.pl\/?page_id=172\" \/>\n<meta property=\"og:locale\" content=\"pl_PL\" \/>\n<meta property=\"og:type\" content=\"article\" \/>\n<meta property=\"og:title\" content=\"CONTACT - PLAN SP\u00d3\u0141KA AKCYJNA\" \/>\n<meta property=\"og:description\" content=\"OFFICE: PLAN SP\u00d3\u0141KA AKCYJNAUL. PU\u0141AWSKA 47902-844 WARSZAWAbiuro@plansa.pl NIP 525-244-44-08REGON: 141672776KRS: 0000322657\" \/>\n<meta property=\"og:url\" content=\"http:\/\/plansa.pl\/?page_id=172\" \/>\n<meta property=\"og:site_name\" content=\"PLAN SP\u00d3\u0141KA AKCYJNA\" \/>\n<meta name=\"twitter:card\" content=\"summary_large_image\" \/>\n<meta name=\"twitter:label1\" content=\"Szacowany czas czytania\" \/>\n\t<meta name=\"twitter:data1\" content=\"1 minuta\" \/>\n<script type=\"application\/ld+json\" class=\"yoast-schema-graph\">{\"@context\":\"https:\/\/schema.org\",\"@graph\":[{\"@type\":\"WebSite\",\"@id\":\"http:\/\/plansa.pl\/#website\",\"url\":\"http:\/\/plansa.pl\/\",\"name\":\"PLAN SP\\u00d3\\u0141KA AKCYJNA\",\"description\":\"LIDER KONTROLI JAKO\\u015aCI DANYCH PRZESTRZENNYCH\",\"potentialAction\":[{\"@type\":\"SearchAction\",\"target\":{\"@type\":\"EntryPoint\",\"urlTemplate\":\"http:\/\/plansa.pl\/?s={search_term_string}\"},\"query-input\":\"required name=search_term_string\"}],\"inLanguage\":\"pl-PL\"},{\"@type\":\"WebPage\",\"@id\":\"http:\/\/plansa.pl\/?page_id=172#webpage\",\"url\":\"http:\/\/plansa.pl\/?page_id=172\",\"name\":\"CONTACT - PLAN SP\\u00d3\\u0141KA AKCYJNA\",\"isPartOf\":{\"@id\":\"http:\/\/plansa.pl\/#website\"},\"datePublished\":\"2021-11-30T19:45:36+00:00\",\"dateModified\":\"2021-11-30T19:45:36+00:00\",\"breadcrumb\":{\"@id\":\"http:\/\/plansa.pl\/?page_id=172#breadcrumb\"},\"inLanguage\":\"pl-PL\",\"potentialAction\":[{\"@type\":\"ReadAction\",\"target\":[\"http:\/\/plansa.pl\/?page_id=172\"]}]},{\"@type\":\"BreadcrumbList\",\"@id\":\"http:\/\/plansa.pl\/?page_id=172#breadcrumb\",\"itemListElement\":[{\"@type\":\"ListItem\",\"position\":1,\"name\":\"CONTACT\"}]}]}<\/script>\n<!-- \/ Yoast SEO plugin. -->","yoast_head_json":{"title":"CONTACT - PLAN SP\u00d3\u0141KA AKCYJNA","robots":{"index":"index","follow":"follow","max-snippet":"max-snippet:-1","max-image-preview":"max-image-preview:large","max-video-preview":"max-video-preview:-1"},"canonical":"http:\/\/plansa.pl\/?page_id=172","og_locale":"pl_PL","og_type":"article","og_title":"CONTACT - PLAN SP\u00d3\u0141KA AKCYJNA","og_description":"OFFICE: PLAN SP\u00d3\u0141KA AKCYJNAUL. PU\u0141AWSKA 47902-844 WARSZAWAbiuro@plansa.pl NIP 525-244-44-08REGON: 141672776KRS: 0000322657","og_url":"http:\/\/plansa.pl\/?page_id=172","og_site_name":"PLAN SP\u00d3\u0141KA AKCYJNA","twitter_card":"summary_large_image","twitter_misc":{"Szacowany czas czytania":"1 minuta"},"schema":{"@context":"https:\/\/schema.org","@graph":[{"@type":"WebSite","@id":"http:\/\/plansa.pl\/#website","url":"http:\/\/plansa.pl\/","name":"PLAN SP\u00d3\u0141KA AKCYJNA","description":"LIDER KONTROLI JAKO\u015aCI DANYCH PRZESTRZENNYCH","potentialAction":[{"@type":"SearchAction","target":{"@type":"EntryPoint","urlTemplate":"http:\/\/plansa.pl\/?s={search_term_string}"},"query-input":"required name=search_term_string"}],"inLanguage":"pl-PL"},{"@type":"WebPage","@id":"http:\/\/plansa.pl\/?page_id=172#webpage","url":"http:\/\/plansa.pl\/?page_id=172","name":"CONTACT - PLAN SP\u00d3\u0141KA AKCYJNA","isPartOf":{"@id":"http:\/\/plansa.pl\/#website"},"datePublished":"2021-11-30T19:45:36+00:00","dateModified":"2021-11-30T19:45:36+00:00","breadcrumb":{"@id":"http:\/\/plansa.pl\/?page_id=172#breadcrumb"},"inLanguage":"pl-PL","potentialAction":[{"@type":"ReadAction","target":["http:\/\/plansa.pl\/?page_id=172"]}]},{"@type":"BreadcrumbList","@id":"http:\/\/plansa.pl\/?page_id=172#breadcrumb","itemListElement":[{"@type":"ListItem","position":1,"name":"CONTACT"}]}]}},"_links":{"self":[{"href":"http:\/\/plansa.pl\/index.php?rest_route=\/wp\/v2\/pages\/172"}],"collection":[{"href":"http:\/\/plansa.pl\/index.php?rest_route=\/wp\/v2\/pages"}],"about":[{"href":"http:\/\/plansa.pl\/index.php?rest_route=\/wp\/v2\/types\/page"}],"author":[{"embeddable":true,"href":"http:\/\/plansa.pl\/index.php?rest_route=\/wp\/v2\/users\/1"}],"replies":[{"embeddable":true,"href":"http:\/\/plansa.pl\/index.php?rest_route=%2Fwp%2Fv2%2Fcomments&post=172"}],"version-history":[{"count":1,"href":"http:\/\/plansa.pl\/index.php?rest_route=\/wp\/v2\/pages\/172\/revisions"}],"predecessor-version":[{"id":173,"href":"http:\/\/plansa.pl\/index.php?rest_route=\/wp\/v2\/pages\/172\/revisions\/173"}],"wp:attachment":[{"href":"http:\/\/plansa.pl\/index.php?rest_route=%2Fwp%2Fv2%2Fmedia&parent=172"}],"curies":[{"name":"wp","href":"https:\/\/api.w.org\/{rel}","templated":true}]}}