{"id":161,"date":"2021-11-30T20:28:39","date_gmt":"2021-11-30T19:28:39","guid":{"rendered":"http:\/\/plansa.pl\/?page_id=161"},"modified":"2021-11-30T21:13:57","modified_gmt":"2021-11-30T20:13:57","slug":"data-digitisation","status":"publish","type":"page","link":"http:\/\/plansa.pl\/?page_id=161","title":{"rendered":"DATA DIGITISATION"},"content":{"rendered":"\n<div style=\"height:20px\" aria-hidden=\"true\" class=\"wp-block-spacer\"><\/div>\n\n\n\n<p>We provide specialist services involving the digitisation of various kinds of resources and documentation, complete with acquiring GIS data and metadata.<\/p>\n\n\n\n<p>The major clients include the Agency for Restructuring and Modernisation of Agriculture, the National Water Management Board, Polish State Railways, the National Institute of Cultural Heritage and local administration bodies.<\/p>\n\n\n\n<div style=\"height:45px\" aria-hidden=\"true\" class=\"wp-block-spacer\"><\/div>\n\n\n\n<figure class=\"wp-block-image size-large\"><img loading=\"lazy\" width=\"1024\" height=\"663\" src=\"http:\/\/plansa.pl\/wp-content\/uploads\/2021\/11\/IMAG0057-1024x663.jpg\" alt=\"\" class=\"wp-image-128\" srcset=\"http:\/\/plansa.pl\/wp-content\/uploads\/2021\/11\/IMAG0057-1024x663.jpg 1024w, http:\/\/plansa.pl\/wp-content\/uploads\/2021\/11\/IMAG0057-300x194.jpg 300w, http:\/\/plansa.pl\/wp-content\/uploads\/2021\/11\/IMAG0057-768x497.jpg 768w, http:\/\/plansa.pl\/wp-content\/uploads\/2021\/11\/IMAG0057.jpg 1402w\" sizes=\"(max-width: 1024px) 100vw, 1024px\" \/><\/figure>\n","protected":false},"excerpt":{"rendered":"<p>We provide specialist services involving the digitisation of various kinds of resources and documentation, complete with acquiring GIS data and metadata. The major clients include the Agency for Restructuring and Modernisation of Agriculture, the National Water Management Board, Polish State Railways, the National Institute of Cultural Heritage and local administration bodies.<\/p>\n","protected":false},"author":1,"featured_media":0,"parent":0,"menu_order":0,"comment_status":"closed","ping_status":"closed","template":"","meta":[],"yoast_head":"<!-- This site is optimized with the Yoast SEO plugin v17.6 - https:\/\/yoast.com\/wordpress\/plugins\/seo\/ -->\n<title>DATA DIGITISATION - PLAN SP\u00d3\u0141KA AKCYJNA<\/title>\n<meta name=\"robots\" content=\"index, follow, max-snippet:-1, max-image-preview:large, max-video-preview:-1\" \/>\n<link rel=\"canonical\" href=\"http:\/\/plansa.pl\/?page_id=161\" \/>\n<meta property=\"og:locale\" content=\"pl_PL\" \/>\n<meta property=\"og:type\" content=\"article\" \/>\n<meta property=\"og:title\" content=\"DATA DIGITISATION - PLAN SP\u00d3\u0141KA AKCYJNA\" \/>\n<meta property=\"og:description\" content=\"We provide specialist services involving the digitisation of various kinds of resources and documentation, complete with acquiring GIS data and metadata. The major clients include the Agency for Restructuring and Modernisation of Agriculture, the National Water Management Board, Polish State Railways, the National Institute of Cultural Heritage and local administration bodies.\" \/>\n<meta property=\"og:url\" content=\"http:\/\/plansa.pl\/?page_id=161\" \/>\n<meta property=\"og:site_name\" content=\"PLAN SP\u00d3\u0141KA AKCYJNA\" \/>\n<meta property=\"article:modified_time\" content=\"2021-11-30T20:13:57+00:00\" \/>\n<meta property=\"og:image\" content=\"http:\/\/plansa.pl\/wp-content\/uploads\/2021\/11\/IMAG0057-1024x663.jpg\" \/>\n<meta name=\"twitter:card\" content=\"summary_large_image\" \/>\n<meta name=\"twitter:label1\" content=\"Szacowany czas czytania\" \/>\n\t<meta name=\"twitter:data1\" content=\"1 minuta\" \/>\n<script type=\"application\/ld+json\" class=\"yoast-schema-graph\">{\"@context\":\"https:\/\/schema.org\",\"@graph\":[{\"@type\":\"WebSite\",\"@id\":\"http:\/\/plansa.pl\/#website\",\"url\":\"http:\/\/plansa.pl\/\",\"name\":\"PLAN SP\\u00d3\\u0141KA AKCYJNA\",\"description\":\"LIDER KONTROLI JAKO\\u015aCI DANYCH PRZESTRZENNYCH\",\"potentialAction\":[{\"@type\":\"SearchAction\",\"target\":{\"@type\":\"EntryPoint\",\"urlTemplate\":\"http:\/\/plansa.pl\/?s={search_term_string}\"},\"query-input\":\"required name=search_term_string\"}],\"inLanguage\":\"pl-PL\"},{\"@type\":\"ImageObject\",\"@id\":\"http:\/\/plansa.pl\/?page_id=161#primaryimage\",\"inLanguage\":\"pl-PL\",\"url\":\"http:\/\/plansa.pl\/wp-content\/uploads\/2021\/11\/IMAG0057.jpg\",\"contentUrl\":\"http:\/\/plansa.pl\/wp-content\/uploads\/2021\/11\/IMAG0057.jpg\",\"width\":1402,\"height\":908},{\"@type\":\"WebPage\",\"@id\":\"http:\/\/plansa.pl\/?page_id=161#webpage\",\"url\":\"http:\/\/plansa.pl\/?page_id=161\",\"name\":\"DATA DIGITISATION - PLAN SP\\u00d3\\u0141KA AKCYJNA\",\"isPartOf\":{\"@id\":\"http:\/\/plansa.pl\/#website\"},\"primaryImageOfPage\":{\"@id\":\"http:\/\/plansa.pl\/?page_id=161#primaryimage\"},\"datePublished\":\"2021-11-30T19:28:39+00:00\",\"dateModified\":\"2021-11-30T20:13:57+00:00\",\"breadcrumb\":{\"@id\":\"http:\/\/plansa.pl\/?page_id=161#breadcrumb\"},\"inLanguage\":\"pl-PL\",\"potentialAction\":[{\"@type\":\"ReadAction\",\"target\":[\"http:\/\/plansa.pl\/?page_id=161\"]}]},{\"@type\":\"BreadcrumbList\",\"@id\":\"http:\/\/plansa.pl\/?page_id=161#breadcrumb\",\"itemListElement\":[{\"@type\":\"ListItem\",\"position\":1,\"name\":\"DATA DIGITISATION\"}]}]}<\/script>\n<!-- \/ Yoast SEO plugin. -->","yoast_head_json":{"title":"DATA DIGITISATION - PLAN SP\u00d3\u0141KA AKCYJNA","robots":{"index":"index","follow":"follow","max-snippet":"max-snippet:-1","max-image-preview":"max-image-preview:large","max-video-preview":"max-video-preview:-1"},"canonical":"http:\/\/plansa.pl\/?page_id=161","og_locale":"pl_PL","og_type":"article","og_title":"DATA DIGITISATION - PLAN SP\u00d3\u0141KA AKCYJNA","og_description":"We provide specialist services involving the digitisation of various kinds of resources and documentation, complete with acquiring GIS data and metadata. The major clients include the Agency for Restructuring and Modernisation of Agriculture, the National Water Management Board, Polish State Railways, the National Institute of Cultural Heritage and local administration bodies.","og_url":"http:\/\/plansa.pl\/?page_id=161","og_site_name":"PLAN SP\u00d3\u0141KA AKCYJNA","article_modified_time":"2021-11-30T20:13:57+00:00","og_image":[{"url":"http:\/\/plansa.pl\/wp-content\/uploads\/2021\/11\/IMAG0057-1024x663.jpg"}],"twitter_card":"summary_large_image","twitter_misc":{"Szacowany czas czytania":"1 minuta"},"schema":{"@context":"https:\/\/schema.org","@graph":[{"@type":"WebSite","@id":"http:\/\/plansa.pl\/#website","url":"http:\/\/plansa.pl\/","name":"PLAN SP\u00d3\u0141KA AKCYJNA","description":"LIDER KONTROLI JAKO\u015aCI DANYCH PRZESTRZENNYCH","potentialAction":[{"@type":"SearchAction","target":{"@type":"EntryPoint","urlTemplate":"http:\/\/plansa.pl\/?s={search_term_string}"},"query-input":"required name=search_term_string"}],"inLanguage":"pl-PL"},{"@type":"ImageObject","@id":"http:\/\/plansa.pl\/?page_id=161#primaryimage","inLanguage":"pl-PL","url":"http:\/\/plansa.pl\/wp-content\/uploads\/2021\/11\/IMAG0057.jpg","contentUrl":"http:\/\/plansa.pl\/wp-content\/uploads\/2021\/11\/IMAG0057.jpg","width":1402,"height":908},{"@type":"WebPage","@id":"http:\/\/plansa.pl\/?page_id=161#webpage","url":"http:\/\/plansa.pl\/?page_id=161","name":"DATA DIGITISATION - PLAN SP\u00d3\u0141KA AKCYJNA","isPartOf":{"@id":"http:\/\/plansa.pl\/#website"},"primaryImageOfPage":{"@id":"http:\/\/plansa.pl\/?page_id=161#primaryimage"},"datePublished":"2021-11-30T19:28:39+00:00","dateModified":"2021-11-30T20:13:57+00:00","breadcrumb":{"@id":"http:\/\/plansa.pl\/?page_id=161#breadcrumb"},"inLanguage":"pl-PL","potentialAction":[{"@type":"ReadAction","target":["http:\/\/plansa.pl\/?page_id=161"]}]},{"@type":"BreadcrumbList","@id":"http:\/\/plansa.pl\/?page_id=161#breadcrumb","itemListElement":[{"@type":"ListItem","position":1,"name":"DATA DIGITISATION"}]}]}},"_links":{"self":[{"href":"http:\/\/plansa.pl\/index.php?rest_route=\/wp\/v2\/pages\/161"}],"collection":[{"href":"http:\/\/plansa.pl\/index.php?rest_route=\/wp\/v2\/pages"}],"about":[{"href":"http:\/\/plansa.pl\/index.php?rest_route=\/wp\/v2\/types\/page"}],"author":[{"embeddable":true,"href":"http:\/\/plansa.pl\/index.php?rest_route=\/wp\/v2\/users\/1"}],"replies":[{"embeddable":true,"href":"http:\/\/plansa.pl\/index.php?rest_route=%2Fwp%2Fv2%2Fcomments&post=161"}],"version-history":[{"count":2,"href":"http:\/\/plansa.pl\/index.php?rest_route=\/wp\/v2\/pages\/161\/revisions"}],"predecessor-version":[{"id":183,"href":"http:\/\/plansa.pl\/index.php?rest_route=\/wp\/v2\/pages\/161\/revisions\/183"}],"wp:attachment":[{"href":"http:\/\/plansa.pl\/index.php?rest_route=%2Fwp%2Fv2%2Fmedia&parent=161"}],"curies":[{"name":"wp","href":"https:\/\/api.w.org\/{rel}","templated":true}]}}