{"id":157,"date":"2021-11-30T20:27:45","date_gmt":"2021-11-30T19:27:45","guid":{"rendered":"http:\/\/plansa.pl\/?page_id=157"},"modified":"2021-11-30T21:09:51","modified_gmt":"2021-11-30T20:09:51","slug":"spatial-data-quality-control","status":"publish","type":"page","link":"http:\/\/plansa.pl\/?page_id=157","title":{"rendered":"SPATIAL DATA QUALITY CONTROL"},"content":{"rendered":"\n<div style=\"height:20px\" aria-hidden=\"true\" class=\"wp-block-spacer\"><\/div>\n\n\n\n<p>We provide quality control of spatial data sets for large areas, commissioned by government organisations.<\/p>\n\n\n\n<div style=\"height:20px\" aria-hidden=\"true\" class=\"wp-block-spacer\"><\/div>\n\n\n\n<p>Products subject to control are as follows:<\/p>\n\n\n\n<p>&#8211; digital aerial and satellite orthophotomaps,<\/p>\n\n\n\n<p>&#8211; digital terrain models and numerical land cover models,<\/p>\n\n\n\n<p>&#8211; airborne laser scanning data as a point cloud in the LAS format,<\/p>\n\n\n\n<p>&#8211; hydrographic maps,<\/p>\n\n\n\n<p>&#8211; 3D structure models,<\/p>\n\n\n\n<p>&#8211; topographic site databases,<\/p>\n\n\n\n<p>&#8211; vector maps of Poland&#8217;s administrative division borders. <\/p>\n\n\n\n<div style=\"height:20px\" aria-hidden=\"true\" class=\"wp-block-spacer\"><\/div>\n\n\n\n<p>The major clients include the Agency for Restructuring and Modernisation of Agriculture, the Head Office of Geodesy and Cartography, and the National Water Management Board. The scope of data subject to control annually typically encompasses the area of the entire country (about 312k km<sup>2<\/sup>). In the case of the Agency for Restructuring and Modernisation of Agriculture, the data undergoes periodic updates for an area of 1\/3 of Poland&#8217;s territory each year (about 104k km<sup>2<\/sup>).<\/p>\n\n\n\n<div style=\"height:45px\" aria-hidden=\"true\" class=\"wp-block-spacer\"><\/div>\n\n\n\n<div class=\"wp-block-image\"><figure class=\"aligncenter size-large\"><img loading=\"lazy\" width=\"1024\" height=\"637\" src=\"http:\/\/plansa.pl\/wp-content\/uploads\/2021\/11\/ORTO-1024x637.png\" alt=\"\" class=\"wp-image-79\" srcset=\"http:\/\/plansa.pl\/wp-content\/uploads\/2021\/11\/ORTO-1024x637.png 1024w, http:\/\/plansa.pl\/wp-content\/uploads\/2021\/11\/ORTO-300x187.png 300w, http:\/\/plansa.pl\/wp-content\/uploads\/2021\/11\/ORTO-768x478.png 768w, http:\/\/plansa.pl\/wp-content\/uploads\/2021\/11\/ORTO.png 1359w\" sizes=\"(max-width: 1024px) 100vw, 1024px\" \/><\/figure><\/div>\n","protected":false},"excerpt":{"rendered":"<p>We provide quality control of spatial data sets for large areas, commissioned by government organisations. Products subject to control are as follows: &#8211; digital aerial and satellite orthophotomaps, &#8211; digital terrain models and numerical land cover models, &#8211; airborne laser scanning data as a point cloud in the LAS format, &#8211; hydrographic maps, &#8211; 3D [&hellip;]<\/p>\n","protected":false},"author":1,"featured_media":0,"parent":0,"menu_order":0,"comment_status":"closed","ping_status":"closed","template":"","meta":[],"yoast_head":"<!-- This site is optimized with the Yoast SEO plugin v17.6 - https:\/\/yoast.com\/wordpress\/plugins\/seo\/ -->\n<title>SPATIAL DATA QUALITY CONTROL - PLAN SP\u00d3\u0141KA AKCYJNA<\/title>\n<meta name=\"robots\" content=\"index, follow, max-snippet:-1, max-image-preview:large, max-video-preview:-1\" \/>\n<link rel=\"canonical\" href=\"http:\/\/plansa.pl\/?page_id=157\" \/>\n<meta property=\"og:locale\" content=\"pl_PL\" \/>\n<meta property=\"og:type\" content=\"article\" \/>\n<meta property=\"og:title\" content=\"SPATIAL DATA QUALITY CONTROL - PLAN SP\u00d3\u0141KA AKCYJNA\" \/>\n<meta property=\"og:description\" content=\"We provide quality control of spatial data sets for large areas, commissioned by government organisations. Products subject to control are as follows: &#8211; digital aerial and satellite orthophotomaps, &#8211; digital terrain models and numerical land cover models, &#8211; airborne laser scanning data as a point cloud in the LAS format, &#8211; hydrographic maps, &#8211; 3D [&hellip;]\" \/>\n<meta property=\"og:url\" content=\"http:\/\/plansa.pl\/?page_id=157\" \/>\n<meta property=\"og:site_name\" content=\"PLAN SP\u00d3\u0141KA AKCYJNA\" \/>\n<meta property=\"article:modified_time\" content=\"2021-11-30T20:09:51+00:00\" \/>\n<meta property=\"og:image\" content=\"http:\/\/plansa.pl\/wp-content\/uploads\/2021\/11\/ORTO-1024x637.png\" \/>\n<meta name=\"twitter:card\" content=\"summary_large_image\" \/>\n<meta name=\"twitter:label1\" content=\"Szacowany czas czytania\" \/>\n\t<meta name=\"twitter:data1\" content=\"1 minuta\" \/>\n<script type=\"application\/ld+json\" class=\"yoast-schema-graph\">{\"@context\":\"https:\/\/schema.org\",\"@graph\":[{\"@type\":\"WebSite\",\"@id\":\"http:\/\/plansa.pl\/#website\",\"url\":\"http:\/\/plansa.pl\/\",\"name\":\"PLAN SP\\u00d3\\u0141KA AKCYJNA\",\"description\":\"LIDER KONTROLI JAKO\\u015aCI DANYCH PRZESTRZENNYCH\",\"potentialAction\":[{\"@type\":\"SearchAction\",\"target\":{\"@type\":\"EntryPoint\",\"urlTemplate\":\"http:\/\/plansa.pl\/?s={search_term_string}\"},\"query-input\":\"required name=search_term_string\"}],\"inLanguage\":\"pl-PL\"},{\"@type\":\"ImageObject\",\"@id\":\"http:\/\/plansa.pl\/?page_id=157#primaryimage\",\"inLanguage\":\"pl-PL\",\"url\":\"http:\/\/plansa.pl\/wp-content\/uploads\/2021\/11\/ORTO.png\",\"contentUrl\":\"http:\/\/plansa.pl\/wp-content\/uploads\/2021\/11\/ORTO.png\",\"width\":1359,\"height\":845},{\"@type\":\"WebPage\",\"@id\":\"http:\/\/plansa.pl\/?page_id=157#webpage\",\"url\":\"http:\/\/plansa.pl\/?page_id=157\",\"name\":\"SPATIAL DATA QUALITY CONTROL - PLAN SP\\u00d3\\u0141KA AKCYJNA\",\"isPartOf\":{\"@id\":\"http:\/\/plansa.pl\/#website\"},\"primaryImageOfPage\":{\"@id\":\"http:\/\/plansa.pl\/?page_id=157#primaryimage\"},\"datePublished\":\"2021-11-30T19:27:45+00:00\",\"dateModified\":\"2021-11-30T20:09:51+00:00\",\"breadcrumb\":{\"@id\":\"http:\/\/plansa.pl\/?page_id=157#breadcrumb\"},\"inLanguage\":\"pl-PL\",\"potentialAction\":[{\"@type\":\"ReadAction\",\"target\":[\"http:\/\/plansa.pl\/?page_id=157\"]}]},{\"@type\":\"BreadcrumbList\",\"@id\":\"http:\/\/plansa.pl\/?page_id=157#breadcrumb\",\"itemListElement\":[{\"@type\":\"ListItem\",\"position\":1,\"name\":\"SPATIAL DATA QUALITY CONTROL\"}]}]}<\/script>\n<!-- \/ Yoast SEO plugin. -->","yoast_head_json":{"title":"SPATIAL DATA QUALITY CONTROL - PLAN SP\u00d3\u0141KA AKCYJNA","robots":{"index":"index","follow":"follow","max-snippet":"max-snippet:-1","max-image-preview":"max-image-preview:large","max-video-preview":"max-video-preview:-1"},"canonical":"http:\/\/plansa.pl\/?page_id=157","og_locale":"pl_PL","og_type":"article","og_title":"SPATIAL DATA QUALITY CONTROL - PLAN SP\u00d3\u0141KA AKCYJNA","og_description":"We provide quality control of spatial data sets for large areas, commissioned by government organisations. Products subject to control are as follows: &#8211; digital aerial and satellite orthophotomaps, &#8211; digital terrain models and numerical land cover models, &#8211; airborne laser scanning data as a point cloud in the LAS format, &#8211; hydrographic maps, &#8211; 3D [&hellip;]","og_url":"http:\/\/plansa.pl\/?page_id=157","og_site_name":"PLAN SP\u00d3\u0141KA AKCYJNA","article_modified_time":"2021-11-30T20:09:51+00:00","og_image":[{"url":"http:\/\/plansa.pl\/wp-content\/uploads\/2021\/11\/ORTO-1024x637.png"}],"twitter_card":"summary_large_image","twitter_misc":{"Szacowany czas czytania":"1 minuta"},"schema":{"@context":"https:\/\/schema.org","@graph":[{"@type":"WebSite","@id":"http:\/\/plansa.pl\/#website","url":"http:\/\/plansa.pl\/","name":"PLAN SP\u00d3\u0141KA AKCYJNA","description":"LIDER KONTROLI JAKO\u015aCI DANYCH PRZESTRZENNYCH","potentialAction":[{"@type":"SearchAction","target":{"@type":"EntryPoint","urlTemplate":"http:\/\/plansa.pl\/?s={search_term_string}"},"query-input":"required name=search_term_string"}],"inLanguage":"pl-PL"},{"@type":"ImageObject","@id":"http:\/\/plansa.pl\/?page_id=157#primaryimage","inLanguage":"pl-PL","url":"http:\/\/plansa.pl\/wp-content\/uploads\/2021\/11\/ORTO.png","contentUrl":"http:\/\/plansa.pl\/wp-content\/uploads\/2021\/11\/ORTO.png","width":1359,"height":845},{"@type":"WebPage","@id":"http:\/\/plansa.pl\/?page_id=157#webpage","url":"http:\/\/plansa.pl\/?page_id=157","name":"SPATIAL DATA QUALITY CONTROL - PLAN SP\u00d3\u0141KA AKCYJNA","isPartOf":{"@id":"http:\/\/plansa.pl\/#website"},"primaryImageOfPage":{"@id":"http:\/\/plansa.pl\/?page_id=157#primaryimage"},"datePublished":"2021-11-30T19:27:45+00:00","dateModified":"2021-11-30T20:09:51+00:00","breadcrumb":{"@id":"http:\/\/plansa.pl\/?page_id=157#breadcrumb"},"inLanguage":"pl-PL","potentialAction":[{"@type":"ReadAction","target":["http:\/\/plansa.pl\/?page_id=157"]}]},{"@type":"BreadcrumbList","@id":"http:\/\/plansa.pl\/?page_id=157#breadcrumb","itemListElement":[{"@type":"ListItem","position":1,"name":"SPATIAL DATA QUALITY CONTROL"}]}]}},"_links":{"self":[{"href":"http:\/\/plansa.pl\/index.php?rest_route=\/wp\/v2\/pages\/157"}],"collection":[{"href":"http:\/\/plansa.pl\/index.php?rest_route=\/wp\/v2\/pages"}],"about":[{"href":"http:\/\/plansa.pl\/index.php?rest_route=\/wp\/v2\/types\/page"}],"author":[{"embeddable":true,"href":"http:\/\/plansa.pl\/index.php?rest_route=\/wp\/v2\/users\/1"}],"replies":[{"embeddable":true,"href":"http:\/\/plansa.pl\/index.php?rest_route=%2Fwp%2Fv2%2Fcomments&post=157"}],"version-history":[{"count":2,"href":"http:\/\/plansa.pl\/index.php?rest_route=\/wp\/v2\/pages\/157\/revisions"}],"predecessor-version":[{"id":180,"href":"http:\/\/plansa.pl\/index.php?rest_route=\/wp\/v2\/pages\/157\/revisions\/180"}],"wp:attachment":[{"href":"http:\/\/plansa.pl\/index.php?rest_route=%2Fwp%2Fv2%2Fmedia&parent=157"}],"curies":[{"name":"wp","href":"https:\/\/api.w.org\/{rel}","templated":true}]}}